4*p + 3. Let y be t(7). What is the greatest common factor of y and 9?
9
Suppose 0 = -6*o - 65 + 257. Let s(q) = -51*q + 21*q + o*q - 11. Let y be s(12). What is the greatest common divisor of y and 130?
13
Let w(o) = 3*o - 9. Let h be w(4). Suppose -h = -z + 29. Let j = -504 - -728. What is the highest common factor of z and j?
32
Suppose 4*r + 8 = -2*z + 94, 20 = 4*r. Let u = -37074 - -37089. Calculate the greatest common factor of u and z.
3
Let y be (264/55)/((6 + -1)/100). Calculate the greatest common factor of y and 54048.
96
Suppose -7*b = 9*b - 12960. Calculate the greatest common divisor of b and 150.
30
Suppose -2*a + 144 = -0*a. Let b(s) = -129*s + 10997. Let z be b(85). Calculate the greatest common divisor of z and a.
8
Suppose 0 = v - 4*a - 15 - 12, 0 = -4*a - 4. Let h(j) = 2*j**2 - 51*j + 165. Let b be h(v). What is the highest common divisor of 4 and b?
2
Suppose 8 = 49*w + 8. Suppose w = 10*v - 38 - 142. What is the highest common divisor of v and 666?
18
Let v(p) = 2*p**2 + p - 2. Let g(h) = -h**3 - 19*h**2 - 58*h + 38. Let q(i) = -g(i) + 5*v(i). Let l be q(-26). What is the highest common divisor of l and 18?
18
Suppose -15 = -89*l + 84*l. Suppose 0 = -4*t + 4*f - l*f + 1025, 3*f + 15 = 0. Calculate the highest common factor of 51 and t.
51
Let r(j) = 5*j + 7*j**2 + 3*j - 3*j + 6 + j**3 + 0. Let q be r(-6). What is the greatest common divisor of 48 and q?
12
Let x = 377 - 374. Suppose -43 = -d + x*r, -9*d + 13*d - r - 128 = 0. Calculate the greatest common divisor of d and 713.
31
Let a(z) = -z**3 + 22*z**2 + z - 20. Suppose p + 25 = -5*v + 138, -116 = -5*v - 2*p. Let w be a(v). Calculate the greatest common factor of w and 34.
2
Suppose -15 = 5*k, -i - k = 4*i - 1117. Let c be 11*(-82)/2706 + ((-80)/(-6) - -1). What is the greatest common divisor of c and i?
14
Let n(x) = -x**3 - x**2 - 7*x - 13. Let v be n(-6). What is the greatest common divisor of 152 and v?
19
Let o be 88/(2/(-3 + 4)). Let q = -40 - -49. Suppose 2*j - 11 = 3*l, 6*j + l = 8*j - q. Calculate the greatest common factor of o and j.
4
Let o = 5692 + -5614. Calculate the greatest common factor of 498 and o.
6
Let i be 1/((-68)/(-16) - 4). Let n be (-1)/(-3) + 214/6. What is the highest common divisor of i and n?
4
Suppose 8*k + 19 = h + 4*k, 3*h - 9 = -4*k. Suppose -3*i + 140 = h*i. Calculate the highest common divisor of i and 378.
14
Let f = -130 + 127. Let m be (f - 15/(-20))*4*-1. What is the greatest common factor of m and 99?
9
Let a be (-3)/((-2344)/(-168) - 6 - 8). Calculate the highest common factor of a and 99.
9
Let b(p) = -p**2 - 9*p + 985. Let i be b(-34). Calculate the highest common divisor of i and 525.
15
Suppose -6*y + 4*y + 52 = 0. Let p = 4 + -29. Let x = p + y. Calculate the greatest common divisor of x and 9.
1
Let i(l) = -30*l**2 - 258*l. Let a be i(-8). Calculate the highest common factor of a and 3072.
48
Suppose -11 = 2*b - 7. Let j be (1*(-4 + 8))/(-2). Let z be j - (-4 + 0) - b*2. Calculate the greatest common divisor of 12 and z.
6
Let a(t) = 23*t**2 + 33*t - 277. Let d be a(7). What is the highest common factor of d and 47?
47
Let g = -611 - -599. Let d be (-10)/g - 605/(-30). What is the greatest common factor of 189 and d?
21
Let s = -2908 + 2992. Calculate the greatest common factor of 228 and s.
12
Suppose -2*w - 24*c = -138512, 9*w - c = 7*w + 138362. What is the greatest common divisor of 64 and w?
64
Suppose -14*f - 57 = -17*f + 3*m, -5*f + 119 = -m. Calculate the greatest common divisor of 135 and f.
5
Let d be 3661/28 + 33/(-12) + 2. Let g = d + -126. Suppose g*n - 72 = 292. What is the greatest common divisor of n and 13?
13
Let j(r) = r**3 - 11*r**2 - 22*r - 251. Let p be j(14). What is the highest common divisor of 1943 and p?
29
Let n(b) = -128*b**3 - 61*b**2 - 19*b - 4. Let m be n(-8). Calculate the greatest common factor of 20 and m.
20
Suppose 56 + 49 = 5*t. Suppose 9*v - 6 = t. Suppose 3*n - v = 9. What is the highest common divisor of 12 and n?
4
Let m be (-2890)/(-102) + 4*(-1)/(-6). Suppose -m*p - 1485 = -32*p. What is the greatest common divisor of p and 110?
55
Let l(i) = -26*i**2 - 532*i - 50. Let b be l(-19). What is the greatest common factor of b and 984?
24
Suppose -41*i + 88 = -170 - 29. What is the greatest common factor of 19 and i?
1
Let t = -7 - -11. Suppose t*z - 328 = -4*m, 2*m = -5*z + m + 390. Let u(y) = -18*y + 25. Let k be u(1). What is the greatest common divisor of z and k?
7
Suppose 0*o + o = 4*u + 190, -5*o = u - 929. Let j(b) = b**3 + 193*b**2 + 402*b + 3826. Let a be j(-191). What is the greatest common factor of o and a?
6
Let k(y) = -4*y + 34. Let n be ((-23)/5 - 0) + 126/210. Let z be k(n). Calculate the highest common divisor of z and 975.
25
Let z(s) = -24*s + 5. Let v = -9 - -4. Let h be z(v). Calculate the greatest common factor of 150 and h.
25
Let u(g) = -41*g + 191. Let k be u(3). Suppose -k = -2*z + z. What is the greatest common divisor of z and 170?
34
Let j(o) = 37*o + 3. Let x(m) = -m**2 + 5*m + 53. Let f be x(-5). Let u be j(f). What is the highest common factor of u and 12?
6
Let v(z) = 1771*z - 12241. Let x be v(7). Suppose 0 = -g + 3 + 1. Calculate the highest common divisor of g and x.
4
Suppose 58*x = 53*x + 90. Suppose -a = 4*g - 37, g = -x*a + 14*a + 28. Calculate the greatest common factor of g and 2.
2
Suppose -5*g + 1205 = 155. Suppose -37*h + 996 = -594 - 741. Calculate the greatest common divisor of h and g.
21
Let c be 11 - ((2 - -2) + -2). Let x be (-22)/(-55)*600/16. Calculate the highest common factor of x and c.
3
Suppose -t - 5*i - 130 = -2*t, -4*t + 544 = 4*i. Let d be 54/10 - (-2)/(-5). Suppose -270 = -d*y - 0*y. Calculate the greatest common divisor of t and y.
27
Suppose 0 = 636*z - 699*z + 9072. What is the greatest common divisor of z and 132?
12
Let d(l) = -21*l**2 - 150*l + 9. Let f be d(-3). Suppose 5*i - 56 = -2*a, 2*i - a - 16 - 1 = 0. What is the greatest common factor of i and f?
10
Suppose 3*d - 3*a - 12 = 0, -a - 15 = -5*d + 5. Let v = -63 - -60. Let l be 48*v/((-18)/4). Calculate the highest common divisor of d and l.
4
Let p(v) = 14 + 5*v + 3*v - 11*v + 5*v. Let i be p(4). Calculate the greatest common divisor of i and 2.
2
Suppose 0 = 18*q - 8*q - 609 - 581. What is the highest common factor of q and 21?
7
Suppose -1728 = -3*r - 135. Let k = -1999 - -2058. What is the highest common factor of k and r?
59
Suppose 18*p - 15*p - 688 = -4*h, h - 4 = 0. What is the highest common factor of 976 and p?
16
Let h = -20589 - -21480. Calculate the highest common factor of 15 and h.
3
Let b be 0 - (-3 - 780/4). Suppose 4*u - b = 2*o + 496, 5*u - o - 863 = 0. Calculate the highest common divisor of u and 43.
43
Let q(n) = 327*n - 1371. Let l be q(9). Calculate the greatest common divisor of 60 and l.
12
Let s(w) = w**2 + 32*w - 3699. Let f be s(47). Calculate the highest common divisor of 763 and f.
7
Let w be (4 - 26)*-3*664/6. Suppose 0 = 17*l + 657 - w. Calculate the greatest common divisor of l and 92.
23
Let u(y) = 166*y - 988. Let d be u(6). Let p be (-1 + 10)/((-2)/(-4)). Let h = -10 + p. What is the greatest common divisor of d and h?
8
Let b(g) = -353*g + 4156. Let m be b(11). Suppose 4*f = 249 + 219. What is the greatest common factor of m and f?
39
Suppose -2*y + 66*b + 33935 = 67*b, 0 = 3*y + 2*b - 50901. Calculate the greatest common divisor of y and 71.
71
Let p = 34100 - 31440. Calculate the highest common divisor of 84 and p.
28
Let j(i) be the first derivative of -i**4/4 - 2*i**3/3 + 11*i**2/2 + 18*i + 1. Let u be j(-5). What is the greatest common divisor of 114 and u?
38
Suppose -999 = 4*k - 3. Let f = k - -361. Suppose 54*i - 230 - 526 = 0. Calculate the highest common divisor of i and f.
14
Let p be (-22)/8 + 2 - (-715860)/240. Calculate the greatest common divisor of p and 12.
6
Let w(j) = 12*j + 237. Let o be w(-6). What is the greatest common factor of o and 385?
55
Let n(d) = d**2 + 31*d + 60. Let s be n(-28). Let x be (s/(-20))/(2/10). Calculate the highest common divisor of x and 6.
6
Let n = 3445 - 2893. Calculate the highest common factor of n and 414.
138
Let t be ((-2960)/666)/(5/(-90)). What is the greatest common factor of t and 4240?
80
Suppose -2 = a, w - 2*a = 2*a - 4. Let i be (-4)/(-1)*(45/w - -3). Let q 